 y - 14. Determine f(15).
1
Let j(z) = z**3 + 22*z**2 - 9. Calculate j(-22).
-9
Let v(p) = -p**3 - 11*p**2 - 23*p + 18. Give v(-8).
10
Let v(b) = -b**3 - 6*b**2 - 4*b + 17. Give v(-5).
12
Let h(a) = -a**2 + 13*a + 16. Calculate h(16).
-32
Let c(o) = -o**2 - 19*o + 91. Calculate c(-23).
-1
Let y(i) = -i**2 + 4*i - 2. What is y(3)?
1
Let u(b) = -b**2 + 2*b + 292. Give u(-16).
4
Let u(l) = 2*l - 27. What is u(8)?
-11
Let q(r) = -r**3 + 15*r**2 - 31*r + 243. Calculate q(14).
5
Let b(q) = -2*q**3 + 10*q**2 - 5*q + 18. Give b(4).
30
Let x(d) = 3*d. Give x(5).
15
Let c(d) = -12*d**3 - d**2 - 3*d + 5. Calculate c(1).
-11
Let k(j) = 2*j**2 - 70*j + 31. What is k(35)?
31
Let z(y) = 3*y**3 - 10*y**2 + 4*y. Give z(4).
48
Let x(n) = -78*n**3 + n**2 - 2*n - 2. What is x(-1)?
79
Let c(o) = -o**3 - 19*o**2 - 19*o + 5. Give c(-18).
23
Let b(f) = f**3 - 19*f**2 + 3*f - 20. Give b(19).
37
Let w(r) = r**2 - 4*r - 10. Calculate w(5).
-5
Let l(o) = -o**2 + 13*o + 4. Give l(8).
44
Let h(v) = -2*v + 28. Calculate h(14).
0
Let h(o) = o**3 - o**2 + 8. Give h(0).
8
Let c(y) = -y**2 + 8*y + 7. What is c(9)?
-2
Let u(d) = -d**2 + 7*d + 1. Give u(5).
11
Let s(b) = -6*b**3 - 3*b**2 + b. What is s(1)?
-8
Let j(v) = -v**3 + 22*v**2 - 3*v + 33. Calculate j(22).
-33
Let k(d) = 4*d**2 + 12*d + 33. Calculate k(-6).
105
Let z(p) = p**3 + p**2 + p + 9. Give z(0).
9
Let z(c) = 5*c**2 + 29*c + 4. Give z(-6).
10
Let y(c) = c**3 + 6*c**2 - 21*c - 34. Give y(-8).
6
Let l(y) = 3*y - 7. Give l(1).
-4
Let o(t) = 13*t - 9. Calculate o(4).
43
Let o(k) = 2*k**2 + 2*k + 3. What is o(-2)?
7
Let a(q) = 2*q + 13. Calculate a(0).
13
Let t(r) = -2*r**3 - 56*r**2 + 2*r - 4. Calculate t(-28).
-60
Let b(c) = -2*c + 5. Calculate b(5).
-5
Let v(o) = -o**2 + 8*o - 5. Calculate v(8).
-5
Let n(j) = j**2 - 7*j - 34. Determine n(6).
-40
Let s(p) = p**2 + 13*p + 14. Give s(-10).
-16
Let l(f) = f + 13. Determine l(12).
25
Let c(z) = z**3 + 24*z**2 + 65*z + 15. Calculate c(-21).
-27
Let j(c) = c**3 - 4*c**2 - c - 21. Calculate j(5).
-1
Let s(y) = 2*y**3 - 10*y**2 - y + 3. Calculate s(5).
-2
Let p(x) = -x**2 + x - 12. Determine p(0).
-12
Let h(z) = 4*z + 8. Give h(9).
44
Let f(z) = z**3 - 3*z**2 - 3*z - 7. Give f(4).
-3
Let t(l) = -2*l**3 + 13*l**2 - 4*l - 1. Give t(5).
54
Let t(f) = 3*f**2 - 55*f - 33. Determine t(19).
5
Let b(g) = g**2 + 6*g - 4. Determine b(-6).
-4
Let c(y) = -y**2 + 14*y - 25. Give c(2).
-1
Let i(r) = 22*r + 20. What is i(-1)?
-2
Let r(v) = 4*v - 68. Determine r(18).
4
Let t(d) = -2*d**3 + 41*d**2 + 19*d + 21. What is t(21)?
-21
Let o(n) = -2*n**2 + 9*n + 4. Determine o(5).
-1
Let p(i) = i**3 - 7*i**2 - 7*i + 6. Calculate p(8).
14
Let c(k) = -5*k - 15. Calculate c(-4).
5
Let z(u) = -u + 20. What is z(24)?
-4
Let o(f) = -f**3 + 2*f**2 - 4*f - 10. Give o(0).
-10
Let o(a) = 5*a + 104. Determine o(-21).
-1
Let l(z) = z + 13. Give l(-8).
5
Let x(l) = -10*l + 61. Determine x(21).
-149
Let t(b) = 5*b + 11. Determine t(6).
41
Let a(c) = -c**3 - 2*c**2 - 2*c - 7. Give a(-3).
8
Let b(d) = -d**3 - 8*d**2 + 12*d + 12. Calculate b(-10).
92
Let u(n) = -n**2 - 47*n - 376. Give u(-37).
-6
Let j(o) = 3*o**3 - 32*o**2 + 16*o + 46. Determine j(10).
6
Let c(q) = -2*q + 19. Calculate c(10).
-1
Let k(n) = 3*n**3 + 13*n**2 - 10*n + 10. Determine k(-5).
10
Let g(x) = x**2 - 19*x + 28. Give g(17).
-6
Let m(l) = -4*l - 26. What is m(-7)?
2
Let w(j) = -2*j + 10. Calculate w(2).
6
Let j(h) = 5*h**2 + h - 12. What is j(4)?
72
Let b(d) = 43*d**3 - 2*d**2 + 2*d - 1. Give b(1).
42
Let s(v) = -v**3 + 14*v**2 + 16*v + 9. What is s(15)?
24
Let c(n) = n**2 - 8*n + 7. Calculate c(8).
7
Let g(k) = -6*k + 34. Calculate g(8).
-14
Let s(n) = -n - 15. Determine s(13).
-28
Let i(w) = -w**3 - 6*w**2 + 2*w + 6. What is i(-6)?
-6
Let i(b) = 4*b - 5. Give i(4).
11
Let z(i) = -3*i**2 + 28*i + 12. Give z(10).
-8
Let p(i) = -i**3 + 21*i**2 - 23*i + 66. Give p(20).
6
Let d(z) = z**2 + 6*z + 8. Calculate d(-9).
35
Let p(g) = -8*g + 1. Give p(1).
-7
Let a(g) = g**3 + 7*g**2 + 10. What is a(-7)?
10
Let w(u) = -14*u + 79. Determine w(6).
-5
Let t(h) = -3*h - 5. Determine t(-6).
13
Let j(o) = o**2 + 15*o + 10. What is j(-17)?
44
Let n(a) = -a**3 + 12*a**2 - 10*a + 4. Determine n(11).
15
Let k(b) = b - 2. Calculate k(3).
1
Let u(m) = -4*m - 114. What is u(-30)?
6
Let i(z) = 8*z + 3. What is i(-3)?
-21
Let d(h) = -6*h + 13. Determine d(12).
-59
Let t(d) = -5*d - 15. Determine t(-5).
10
Let b(l) = -l**3 + 15*l**2 - 18*l + 56. Calculate b(14).
0
Let d(w) = -6*w + 36. Calculate d(-11).
102
Let y(d) = 22*d + 62. Determine y(-3).
-4
Let z(b) = -b**3 - 4*b**2 - 17*b - 103. Determine z(-5).
7
Let g(t) = t + 13. Determine g(-12).
1
Let z(g) = -g**2 - 12*g - 18. What is z(-12)?
-18
Let f(l) = 8*l - 1. What is f(3)?
23
Let o(u) = -6*u - 66. Calculate o(-10).
-6
Let x(t) = -t**2 + 7*t. Determine x(5).
10
Let g(a) = 11*a - 370. Calculate g(34).
4
Let l(w) = -2*w**2 - 123*w + 252. What is l(2)?
-2
Let n(h) = -45*h - 211. Determine n(-5).
14
Let c(s) = s**3 - 12*s**2 + 20*s - 25. Give c(10).
-25
Let d(s) = -s**3 - 14*s**2 + 9*s - 94. Determine d(-15).
-4
Let d(n) = -n + 3. Determine d(3).
0
Let r(f) = -2*f**3 - 39*f**2 + 18*f - 45. Calculate r(-20).
-5
Let r(f) = 13*f + 3. Calculate r(-1).
-10
Let z(b) = -b. What is z(-1)?
1
Let r(o) = -3*o**3 - 5*o**2 + 16*o + 34. Give r(-2).
6
Let j(z) = -3*z - 22. Give j(-9).
5
Let m(o) = -o**3 + 8*o**2 + 8*o. Determine m(9).
-9
Let x(n) = -4*n**2 - 37*n - 1. What is x(-10)?
-31
Let m(o) = 17*o + 104. Calculate m(-6).
2
Let h(q) = q**3 + 5*q**2 - 12*q - 1. Give h(-7).
-15
Let b(q) = q**3 - 4*q**2 - 2*q - 12. What is b(5)?
3
Let g(i) = -13*i**3 + 5*i**2 + 3*i + 1. Calculate g(-1).
16
Let r(m) = -m**3 - 9*m + 15. What is r(2)?
-11
Let v(z) = -113*z + 110. Give v(1).
-3
Let z(m) = 19*m + 1. What is z(1)?
20
Let v(m) = 2*m + 4. Calculate v(-7).
-10
Let o(m) = m**3 - 4*m**2 + 5*m - 10. What is o(3)?
-4
Let i(c) = -21*c - 2. Calculate i(-1).
19
Let y(j) = -2*j - 58. Calculate y(0).
-58
Let x(v) = 6*v**2 - 17*v - 2. Give x(3).
1
Let y(m) = -2*m - 9. Give y(-1).
-7
Let q(k) = k**3 + 7*k**2 - 2*k + 10. Calculate q(-8).
-38
Let r(d) = 3*d**3 - d**2 + 2*d + 3. Calculate r(-2).
-29
Let m(w) = w - 14. What is m(16)?
2
Let y(u) = -2*u**3 + 4*u**2 - 3. What is y(-3)?
87
Let r(q) = 22*q - 2. What is r(-2)?
-46
Let x(q) = q**3 - 14*q**2 + 13*q + 2. Calculate x(13).
2
Let r(o) = 22*o - 79. Determine r(4).
9
Let a(c) = c**3 - 7*c**2 - 8*c + 1. Calculate a(8).
1
Let b(j) = j**3 + 2*j**2 - j - 4. Give b(0).
-4
Let g(d) = d**2 - 12*d + 12. What is g(8)?
-20
Let c(n) = -n**3 + 10*n**2 - 12*n + 1. Calculate c(8).
33
Let p(k) = -k**3 - 25*k**2 + 29. Give p(-25).
29
Let n(y) = y**3 - 15*y**2 + 25*y + 10. Give n(13).
-3
Let x(w) = w**2 + 18*w + 76. Determine x(-8).
-4
Let c(d) = -d**2 - 8*d - 15. Determine c(-5).
0
Let s(q) = q**2 - 82. Determine s(9).
-1
Let q(f) = 28*f - 170. Give q(6).
-2
Let v(j) = j**3 + 5*j**2 + 3*j + 8. What is v(-5)?
-7
Let s(w) = w**3 - 8*w**2 - 10*w + 74. Calculate s(8).
-6
Let m(y) = -8*y**2 + y. Give m(1).
-7
Let f(c) = -c**3 + 5*c**2 + 9*c - 9. Determine f(7).
-44
Let d(y) = 5*y - 4. What is d(-7)?
-39
Let q(a) = -3*a + 21. Give q(4).
9
Let o(v) = -12*v. Give o(-3).
36
Let j(u) = 10*u + 24. Calculate j(-3).
-6
Let a(l) = 2*l**3 - 25*l**2 + 11*l + 8. Determine a(12).
-4
Let g(s) = s**3 - 39*s**2 - 43*s + 115. Determine g(40).
-5
Let q(x) = -10*x - 3. What is q(-4)?
37
Let l(q) = q**3 + 4*q**2 + 8*q. Calculate l(-2).
-8
Let a(p) = 3*p**2 - 24*p + 16. Calculate a(9).
43
Let h(z) = -z**3 + 5*z**2 - 7*z + 4. Determine h(4).
-8
Let o(f) = -4*f - 7. Give o(-3).
5
Let v(l) = -12*l**3 - 2*l**2 - l + 1. Determine v(2).
-105
Let h(g) = g**3 + 23*g**2 - 23*g + 30. Give h(-24).
6
Let c(n) = n**3 + 9*n**2 + 10*n + 6. Calculate c(-5).
56
Let g(t) = -t**3 - 9*t**2 + 3*t - 3. Give g(-9).
-30
Let w(a) = 8*a + 89. Determine w(-12).
-7
Let p(a) = a**3 + 5*a**2 - 16*a - 67. What is p(-3)?
-1
Let z(a) = -a - 5. Calculate z(-8).
3
Let j(y) = 34*y - 158. Determine j(5).
12
Let q(m) = m**2 - 8*m - 11. What is q(10)?
9
Let k(a) = -a**3 - 12*a**2 - 11*a - 3. Give k(-11).
-3
Let q(y) = 2*y**3 - 5*y**2 - 4*y - 2. What is q(-3)?
-89
Let f(g) = -g**2 - 13*g - 25. Calculate f(-8).
15
Let v(y) = -9*y**2 + 11*y + 5. Determine v(-1).
-15
Let s(a) = a**